13, what is -5 - -3c?
37
In base 7, what is 153 + 0?
153
In base 12, what is 0 - 823?
-823
In base 16, what is -2 - -65f?
65d
In base 5, what is 1224 + 103?
1332
In base 11, what is -8 + -118?
-125
In base 14, what is 22 + -3?
1d
In base 9, what is -76 + -24?
-111
In base 14, what is -5 - 8a3?
-8a8
In base 2, what is 101 + 1001010100?
1001011001
In base 8, what is 402 + -41?
341
In base 3, what is 202102 - -11?
202120
In base 11, what is -17 - -6?
-11
In base 2, what is -10100 + -11?
-10111
In base 4, what is 21 - 323?
-302
In base 15, what is -2 + 148?
146
In base 9, what is -170 - 0?
-170
In base 3, what is -21212211 + -10?
-21212221
In base 3, what is -21 + 121110?
121012
In base 8, what is -2 - -235?
233
In base 13, what is 1 + 733?
734
In base 9, what is 7 - 2?
5
In base 10, what is -8 - 0?
-8
In base 13, what is -aaac - 3?
-aab2
In base 9, what is -7511 + 0?
-7511
In base 3, what is -1202210 - 12?
-1202222
In base 6, what is -22 + -2052?
-2114
In base 8, what is 11 + -1?
10
In base 11, what is 3 + 891?
894
In base 14, what is 155 + -22?
133
In base 14, what is -668b + 1?
-668a
In base 4, what is 2111 + -12?
2033
In base 13, what is 5 - 1?
4
In base 13, what is -5 + -b48?
-b50
In base 5, what is 100 + 13?
113
In base 8, what is -22 + 113?
71
In base 12, what is -103b + -5?
-1044
In base 10, what is 5 + 13?
18
In base 3, what is -102221 - -2?
-102212
In base 12, what is -4 - 46a?
-472
In base 16, what is -1 + -4a?
-4b
In base 11, what is -64 + 39?
-26
In base 5, what is -324 + 131?
-143
In base 14, what is 315 - 5?
310
In base 8, what is -2 + 2227?
2225
In base 6, what is -13 + -3?
-20
In base 4, what is -11 - -11031?
11020
In base 16, what is 10e + 1b?
129
In base 9, what is 317 + -5?
312
In base 12, what is 261 + -1?
260
In base 3, what is 11 - -2010?
2021
In base 3, what is 101011 - -10?
101021
In base 11, what is -1 - -28?
27
In base 3, what is 0 - -202002?
202002
In base 2, what is 1110 - -1001111?
1011101
In base 7, what is -1413 - 3?
-1416
In base 3, what is -212 - 12?
-1001
In base 4, what is 2 + 1102030?
1102032
In base 13, what is -1 - -127?
126
In base 6, what is 20 + 112?
132
In base 15, what is 0 + -8ca?
-8ca
In base 14, what is 1 + -18?
-17
In base 7, what is -152 - 4?
-156
In base 3, what is -21 + -221122?
-221220
In base 16, what is -154 + a?
-14a
In base 10, what is -716 + -28?
-744
In base 13, what is 2 - -52?
54
In base 9, what is 7 - -451?
458
In base 9, what is 20 + -307?
-277
In base 15, what is -b - 1b?
-27
In base 5, what is 141 - 223?
-32
In base 4, what is 212 - 21?
131
In base 12, what is -1 + -42?
-43
In base 15, what is -10e2 - 1?
-10e3
In base 8, what is 7 - 1?
6
In base 6, what is -2 + 144?
142
In base 10, what is -94 + -2?
-96
In base 7, what is -3 + -21652?
-21655
In base 15, what is 3 + 165c?
1660
In base 16, what is 0 + c?
c
In base 4, what is 0 + 13?
13
In base 4, what is -10 + 1023?
1013
In base 15, what is 1 - dc?
-db
In base 6, what is 1 - -133?
134
In base 2, what is 10 - -1100001010?
1100001100
In base 11, what is 415 - -6?
420
In base 16, what is 2 + 216?
218
In base 4, what is -3321 - -3?
-3312
In base 13, what is -28 + 12?
-16
In base 6, what is 4 - -322?
330
In base 3, what is 0 - 1101101?
-1101101
In base 14, what is 1 + 76?
77
In base 12, what is -3 - -18?
15
In base 11, what is -1 + 6?
5
In base 14, what is -11 - -d?
-2
In base 4, what is -133 + -13?
-212
In base 8, what is 0 - -445?
445
In base 13, what is 2 - -2c2?
2c4
In base 13, what is 2 + 20?
22
In base 15, what is 9a1 + -1?
9a0
In base 7, what is 102 - -5?
110
In base 16, what is 6 + -31?
-2b
In base 4, what is 2 - -312?
320
In base 11, what is 2 - -1a7?
1a9
In base 11, what is -24 - -1?
-23
In base 4, what is -10 + -1301?
-1311
In base 14, what is 6 + 119d?
11a5
In base 15, what is 16d + 4?
172
In base 9, what is 4388 - -2?
4401
In base 6, what is 12205 - -3?
12212
In base 3, what is 120 - -2021?
2211
In base 16, what is 685 + 5?
68a
In base 16, what is -3dc - 0?
-3dc
In base 10, what is 135 + 5?
140
In base 8, what is -4 - 16?
-22
In base 7, what is -1 + 15?
14
In base 7, what is -4 + -102?
-106
In base 5, what is 1 - 2344?
-2343
In base 2, what is -1001101011 + -10?
-1001101101
In base 12, what is 9 + 17b7?
1804
In base 7, what is 135 + 5?
143
In base 15, what is 2 + -7b2?
-7b0
In base 13, what is -4 - 677?
-67b
In base 7, what is -124 - 26?
-153
In base 6, what is 414 - -43?
501
In base 6, what is -1 + -100?
-101
In base 11, what is 0 - 44a?
-44a
In base 8, what is 2 + 1266?
1270
In base 12, what is -1 - 663?
-664
In base 10, what is -4 - -2?
-2
In base 14, what is -2 - cd?
-d1
In base 2, what is 101 - 101110001?
-101101100
In base 6, what is 230202 - 4?
230154
In base 12, what is -7 + -152?
-159
In base 8, what is 4171 + 2?
4173
In base 5, what is 434421 - -10?
434431
In base 16, what is bc2 - 1?
bc1
In base 7, what is -54 + 2?
-52
In base 9, what is -41 + -10?
-51
In base 14, what is b77 - 0?
b77
In base 12, what is -3 - 7?
-a
In base 2, what is 10 - -11101100?
11101110
In base 5, what is -340 + 0?
-340
In base 9, what is 118 + 1?
120
In base 13, what is -2 + 1051?
104c
In base 10, what is 7 - -29?
36
In base 7, what is 356 - 12?
344
In base 5, what is 1011 + 3?
1014
In base 8, what is 146 - -162?
330
In base 14, what is -4 + b0?
aa
In base 6, what is -145 - 42?
-231
In base 16, what is 392 + 1?
393
In base 10, what is -52 - 1?
-53
In base 13, what is -648 + 6?
-642
In base 2, what is 101 - 111111?
-111010
In base 16, what is f - -176?
185
In base 4, what is -1300 + -3?
-1303
In base 12, what is 21 - -b?
30
In base 6, what is 3 - 154?
-151
In base 8, what is 7137 + 1?
7140
In base 14, what is -14b - -3?
-148
In base 16, what is -188 + 1?
-187
In base 15, what is -4 + -135?
-139
In base 3, what is 1 - -2022?
2100
In base 9, what is -5 - 0?
-5
In base 16, what is -5 + -268?
-26d
In base 3, what is -1 - -211200?
211122
In base 2, what is 111100110 + 0?
111100110
In base 5, what is -1 + 104?
103
In base 13, what is b4 + b?
c2
In base 15, what is a - 36a?
-360
In base 15, what is 25 - -b9?
de
In base 8, what is -3 - 133?
-136
In base 10, what is -163 + 13?
-150
In base 4, what is 2231302 - 2?
2231300
In base 14, what is 8 + -c?
-4
In base 9, what is -13123 + -2?
-13125
In base 6, what is -21 + 2244?
2223
In base 7, what is 2 - 46?
-44
In base 3, what is 11020100 - 11?
11020012
In base 3, what is 2 - -22211?
22220
In base 9, what is 2 + 617?
620
In base 6, what is -4 - -14?
10
In base 13, what is 1 - 9a8?
-9a7
In base 15, what is 11e - -4?
123
In base 16, what is -20 - 68?
-88
In base 8, what is 3 + -1104?
-1101
In base 13, what is 41 + 2?
43
In base 16, what is -11 - -1d?
c
In base 11, what is -791 - 3?
-794
In base 16, what is 2 + -35?
-33
In base 11, what is -1a4 - 0?
-1a4
In base 3, what is -1111 + 1020?
-21
In base 7, what is 5 - 335?
-330
In base 5, what is 124211 - 10?
124201
In base 10, what is 38 + -2?
36
In base 12, what is -398 - 0?
-398
In base 14, what is -4 + 40?
3a
In base 15, what is 15 - -2a?
40
In base 16, what is -1eb + 3?
-1e8
In base 12, what is -b7 + -32?
-129
In base 16, what is -15a + -7?
-161
In base 14, what is -2 - -49b?
499
In base 11, what is 4 - 83?
-7a
In base 13, what is -17c - 2?
-181
In base 6, what is -433 - -22?
-411
In base 3, what is 100002 - -2?
100011
In base 2, what is -100000000100100 + 101?
-100000000011111
In base 16, what is -13 - -e?
-5
In base 9, what is 4 - 35?
-31
In base 11, what is -5 - 87?
-91
In base 13, what is 64 + -b?
56
In base 10, what is 5968 + 0?
5968
In base 15, what is 17e1 + -2?
17de
In base 2, what is 10010101100011 - -1?
10010101100100
In base 15, what is -3 + -27?
-2a
In base 16, what is 180 + -a?
176
In base 9, what is -1 - 108?
-110
In base 11, what is 171 + 3?
174
In base 7, what is -1 + 105?
104
In base 14, what is 5 - -14b?
152
In base 10, what is 26 + 4?
30
In base 8, what is 410 + -1?
407
In base 12, what is 60 + 1?
61
In base 7, what is -42 + 5?
-34
In base 12, what is 4 - -220?
224
In base 2, what is 1 - 101000?
-100111
In base 3, what is 11122 - 11?
11111
In base 14, what is -2 - 340?
-342
In base 6, what is -123 + 14?
-105
In base 16, what is d4 + -5?
cf
In base 4, what is 1 - 320?
-313
In base 8, what is -1720 - 3?
-1723
In base 2, what is -10001111 + 10